.
73
Let m be 330/85 - (-2)/17. List the prime factors of 1/(4/(m + 432)).
109
Suppose 3*g + 4*k = 60, -2*k = -12*g + 11*g + 20. List the prime factors of 412/(-3)*-1*30/g.
2, 103
Suppose -3*k - 5*l + 9575 = -0*l, 12765 = 4*k + 5*l. Suppose 20*c - k = -2*c. What are the prime factors of c?
5, 29
Let r(p) = 3*p + 23. Let k be r(-6). Let z(a) = 7*a - 19. Let w be z(k). Let n(d) = d**3 - 15*d**2 - 13*d + 19. What are the prime factors of n(w)?
67
Let t(h) = 5*h - 10. Let a be t(7). Suppose 4*i = w + 21 - 7, -4*w - 23 = -5*i. List the prime factors of a/((-1)/(-12)*i).
2, 5
Suppose 68*s - 12247092 = -130*s. List the prime factors of s.
2, 3, 13, 61
Let d(s) be the third derivative of s**5/12 - 31*s**4/24 + 23*s**3/6 + 13*s**2. Let n(x) be the first derivative of d(x). List the prime factors of n(13).
3, 11
Let f be ((-10)/(-15))/((-6)/(-153)). Suppose 5*s - f = 8. Suppose 5*q = -0*q + 2*g + 406, 2*q = -s*g + 174. List the prime factors of q.
2, 41
Let b be ((-6958)/(-56))/((-1)/12). List the prime factors of (-7)/14 - (b/6 + 4).
2, 61
Let x(n) = 3*n - 21. Let s be x(8). Let v(c) = -8*c**3 + 5*c**2 - 7*c - 7. Let t be v(s). Let d = -10 - t. List the prime factors of d.
3, 7
Suppose 65*d - 60*d = 4*w + 262851, -2*d = -4*w - 105138. What are the prime factors of d?
52571
Suppose 8 = 3*t - 66*s + 65*s, -2*t + 16 = 2*s. Suppose -t*q - 1420 = -8*q. What are the prime factors of q?
5, 71
Let w be 2 + (1/(-4) - 78/8). Let l be w/4 + -1 + -1. List the prime factors of (-4)/8 + (26/l)/(-1).
2, 3
List the prime factors of (-15269)/(-7) - (621/1610 - (-1)/(-10)).
3, 727
Suppose -o - 16 - 22 = 0. Let p = 761 - o. List the prime factors of p.
17, 47
Suppose 121*o - 3854988 = -106*o - 708314. List the prime factors of o.
2, 29, 239
Let n be (-23)/(-3) + ((-26)/(-6))/13. Suppose -170 = n*c - 8650. List the prime factors of c.
2, 5, 53
Let r(l) = l**2 + 20*l - 132. Let s be r(14). Suppose 6*x = 2132 - s. What are the prime factors of x?
2, 149
Let d(r) = -r**2 - 14*r + 4. Suppose -t - 18 = -5*h, t + 0*t = -3*h - 10. Let i be d(t). Let g = i + 10. List the prime factors of g.
3
What are the prime factors of (-12 + (-325)/(-26))*(5057 + (-1)/(-1))?
3, 281
Suppose -2*p + 3*n + 288 = -239, 5*p - 1335 = 4*n. What are the prime factors of p?
271
Let q(f) = f**2 - 4*f - 1. Let v be q(5). Suppose 0 = -66*n - 61 + 259. Suppose 2*g = -2*o + 164, v*g - 326 = -n*o - 2*o. List the prime factors of g.
2, 3, 7
Let u = 2799 - 1208. List the prime factors of u.
37, 43
Let f(a) = -258*a + 765. What are the prime factors of f(-31)?
3, 23, 127
Let c(y) = -9190*y**3 - 3*y**2 - 11*y - 6. What are the prime factors of c(-1)?
2, 3, 383
List the prime factors of 1/(-4) - 140131/170*(-60)/8.
2, 11, 281
Let j(y) = -12561*y + 11644. List the prime factors of j(-5).
74449
Let s(r) = 11271*r + 761. What are the prime factors of s(2)?
7, 3329
Let c be (2 - (-16)/(-10))*(-61 + 41). List the prime factors of (-2862)/c - (-7)/((-140)/15).
3, 7, 17
Suppose a + a + 78 = 0. Let w be (-34 - a) + (-70 - 0). Let v = 127 + w. What are the prime factors of v?
2, 31
Suppose 3*h = 3*m + 51, -m - 3*m + 76 = 5*h. Let j(n) = -4 + 9*n - 2 + n + h. List the prime factors of j(11).
2, 3, 5
Let r(d) = -2*d**3 + 2*d**2 - 6*d. Let z be r(4). Suppose 0 = 104*o - 109*o + 1115. Let i = z + o. What are the prime factors of i?
103
Let b be (-144)/40 - (-9)/15 - -6. Suppose b*m - 3570 = -1413. List the prime factors of m.
719
Suppose 21*c - 16*c - 495 = 0. Let m = c + 40. What are the prime factors of m?
139
Let p(g) = -g**3 + 9*g**2 + g - 8. Let i be p(9). Let k(t) = 558*t**3 - t**2 + t. What are the prime factors of k(i)?
2, 3, 31
Suppose 0 = -2*t - 0*o - o + 24, 0 = -t - 4*o + 26. Suppose -5*h = t, -b - 32 = -h - 84. List the prime factors of b.
2, 5
Let b(y) = 0*y - 9*y + 51 + 115. Let q be (-2)/(-4) + 5/(-10). List the prime factors of b(q).
2, 83
Let p(s) = -10*s - 6. Let t be p(-2). Let c be (0 + 0)*7/t. Suppose v + 579 = 4*i, 6*i - 10*i + 4*v + 576 = c. List the prime factors of i.
5, 29
Suppose 5*p + 10 = 3*v, -v + 1 = -3*p - 1. Let k be 3 - (-4 + p + 2). Suppose k*d = 370 - 30. List the prime factors of d.
5, 17
Let v be ((-8)/(-10))/((-8)/(-20)). Let f(i) = -91*i - 5. Let k(x) = -10*x. Let a(j) = -f(j) + 3*k(j). What are the prime factors of a(v)?
127
Let c = 41602 - 28928. What are the prime factors of c?
2, 6337
Let u = 61 - 60. Let j be (-3)/1 + ((-462)/(-2))/u. Suppose i - 75 = -m + 44, 2*i = 3*m + j. What are the prime factors of i?
3, 13
Suppose -5*x + 3*w = -57728, 0 = -2*x + 2*w - 3*w + 23078. List the prime factors of x.
2, 29, 199
Suppose 94 + 2 = -16*s. List the prime factors of 1*(9/(-6))/(s/692).
173
Let k be (1 - (1 - -1))/(5/(-55)). Suppose k*g - 8*g = 9. Suppose -r - 3*r + 728 = -g*a, 0 = -2*a. List the prime factors of r.
2, 7, 13
Let f(w) = 1437*w - 456. What are the prime factors of f(9)?
3, 4159
Let g(c) = c**3 - 15*c**2 - 19*c + 51. Let b be g(16). Suppose 1446 = 4*h + 2*r, 351 = -b*h + 4*h - 3*r. What are the prime factors of h?
2, 3, 5
Suppose b = -3*b + 404. Suppose b = i - 6*m + 4*m, 3*m - 91 = -i. List the prime factors of (-3 + -4 + 8)*i.
97
Let h(j) = -100*j + 370. Let x be h(7). Let b = x + 541. What are the prime factors of b?
211
Let y be 3 + 1 + -5 - -1 - 19. Let u = -14 - y. Suppose u*l = 22*l - 1615. What are the prime factors of l?
5, 19
Suppose -5*q + 4 = 2*n - 23, 7 = q + 2*n. Suppose 3*t = -q*t + 6688. What are the prime factors of t?
2, 11, 19
Let j(b) = -3*b**2 + 29*b - 5. Let w be (-1)/(((-3)/27)/1). Let d be j(w). List the prime factors of (-441 - d)*(-2)/4.
227
Suppose 32*w - 21 = 31*w. Let v(o) = o**2 - 20*o - 24. Let x be v(w). What are the prime factors of x*75/6*(-48)/15?
2, 3, 5
Let d be 6/27 - 60/27. Let g(y) = 58*y**2 - 3*y - 1. List the prime factors of g(d).
3, 79
List the prime factors of (-9 + -264)*1040/(-56).
2, 3, 5, 13
Let x be ((-3)/(-6))/((-1)/2) + 6. Suppose 0 = -6*b + b + h + 320, 4*b + x*h = 227. List the prime factors of b.
3, 7
List the prime factors of 12*2/(-56) - ((-168450)/21 - 0).
13, 617
Let m(j) = -16*j**3 + 5*j**2 + 33*j + 290. List the prime factors of m(-9).
2, 37, 163
Let k(s) = -38*s**2 + 5*s - 5. Let u be k(2). Let v be (-49)/u - (608/(-3) - -1). Suppose 3*h = h + v. What are the prime factors of h?
101
Let g = -460 - -973. Suppose -2*t + 46 = 4*h + 1484, h + 357 = 2*t. Let m = g + h. What are the prime factors of m?
2, 7, 11
Suppose -28*g = -153372 - 1211656. List the prime factors of g.
48751
Let z(w) = 646*w + 6836. List the prime factors of z(-3).
2, 31, 79
Suppose -d + 5*d = 3*d. Suppose d = -m + 4*m - h - 13, 2*m + h = 12. Let v(o) = 2*o + 22. What are the prime factors of v(m)?
2
Suppose 3*h - 4*j - 61 = 0, h + 3*h = 5*j + 80. Let p be 15957/(-45) - (24/h)/4. Let z = -251 - p. List the prime factors of z.
2, 13
Let j = -12293 + 19154. What are the prime factors of j?
3, 2287
Suppose 3*f - 8*f = -40. Suppose -4*l + 24 - f = 0. Suppose 5*x + 4*g = -59 + 352, 3*x + l*g = 171. What are the prime factors of x?
61
Suppose 5*z - 3652 = -3*v + 5*v, -2*z + 1457 = 3*v. Suppose -2*g - g - z = -2*m, 3*g = -m + 347. List the prime factors of m.
359
List the prime factors of (12058035/(-825))/((-1)/5).
73079
Let v = -18868 + 30553. List the prime factors of v.
3, 5, 19, 41
Let p = 12 + -14. Let a be (1 + 25)/p*(10 - 5). Let m = a + 91. List the prime factors of m.
2, 13
Let x(q) = 59*q**2 - 2*q + 3. Let k be -7 - 3/(1*(-4 + 3)). What are the prime factors of x(k)?
5, 191
Let l = -106 + 86. Let a(o) = 11*o**3 + 57*o**2 - 65*o + 6. Let z(x) = -7*x**3 - 38*x**2 + 43*x - 4. Let q(j) = 5*a(j) + 8*z(j). List the prime factors of q(l).
2, 3
Let g(y) = 78*y + 21 - 7 + 32*y. What are the prime factors of g(2)?
2, 3, 13
Let i = 75 - 69. What are the prime factors of ((-7281)/i)/(-3) - 1/2?
2, 101
Suppose 8*l = 2*l - 492. Let f = l - -184. Suppose 4 + f = j + 3*h, -8 = -4*h. What are the prime factors of j?
2, 5
Let d be (-4)/(-14) - (-1280)/28. Suppose d*a - 11*a - 595 = 0. List the prime factors of a.
17
Suppose s = 5*s - 1764. Suppose 3*d + s = 3*h, 0*d + d - 282 = -2*h. Suppose 0 = c - 41 - h. What are the prime factors of c?
2, 23
Suppose 2*i = -5*i. Suppose -2*k - 2*j - 28 = 0, 0 = -i*k + k - 3*j + 18. What are the prime factors of 10/k*(-15